{"id":78,"date":"2023-09-23T18:53:38","date_gmt":"2023-09-23T16:53:38","guid":{"rendered":"https:\/\/collegeborisvian.blogs.laclasse.com\/?page_id=78"},"modified":"2025-11-21T16:24:13","modified_gmt":"2025-11-21T15:24:13","slug":"informations-pratiques","status":"publish","type":"page","link":"https:\/\/collegeborisvian.blogs.laclasse.com\/?page_id=78","title":{"rendered":"Nous contacter"},"content":{"rendered":"<header class=\"entry-header\">\n<p style=\"text-align: left;padding-left: 40px\"><strong>Coll\u00e8ge Boris Vian<\/strong><\/p>\n<p style=\"text-align: left;padding-left: 40px\"><strong>115 rue du Grisard <\/strong><strong>69800 SAINT-PRIEST<\/strong><\/p>\n<p style=\"text-align: left;padding-left: 40px\"><strong>04 72 23 62 80\u00a0 \u00a0 \u00a0 \u00a0 \u00a0 \u00a0 \u00a0 \u00a0 \u00a0 \u00a0 \u00a0 \u00a0 \u00a0 \u00a0 \u00a0 \u00a0 <\/strong><strong>mail : <a href=\"ce.0692417C@ac-lyon.fr\">ce.0692417C@ac-lyon.fr<\/a><\/strong><\/p>\n<p><a href=\"https:\/\/collegeborisvian.blogs.laclasse.com\/wp-content\/uploads\/sites\/5608\/2024\/09\/clg-b.-vian-horaires-douverture-au-public-annee-2024-2025_page-0001-scaled.jpg\"><img loading=\"lazy\" decoding=\"async\" class=\"alignnone size-full wp-image-1146\" src=\"https:\/\/collegeborisvian.blogs.laclasse.com\/wp-content\/uploads\/sites\/5608\/2024\/09\/clg-b.-vian-horaires-douverture-au-public-annee-2024-2025_page-0001-scaled.jpg\" alt=\"\" width=\"2560\" height=\"1810\" srcset=\"https:\/\/collegeborisvian.blogs.laclasse.com\/wp-content\/uploads\/sites\/5608\/2024\/09\/clg-b.-vian-horaires-douverture-au-public-annee-2024-2025_page-0001-scaled.jpg 2560w, https:\/\/collegeborisvian.blogs.laclasse.com\/wp-content\/uploads\/sites\/5608\/2024\/09\/clg-b.-vian-horaires-douverture-au-public-annee-2024-2025_page-0001-300x212.jpg 300w, https:\/\/collegeborisvian.blogs.laclasse.com\/wp-content\/uploads\/sites\/5608\/2024\/09\/clg-b.-vian-horaires-douverture-au-public-annee-2024-2025_page-0001-1024x724.jpg 1024w, https:\/\/collegeborisvian.blogs.laclasse.com\/wp-content\/uploads\/sites\/5608\/2024\/09\/clg-b.-vian-horaires-douverture-au-public-annee-2024-2025_page-0001-768x543.jpg 768w, https:\/\/collegeborisvian.blogs.laclasse.com\/wp-content\/uploads\/sites\/5608\/2024\/09\/clg-b.-vian-horaires-douverture-au-public-annee-2024-2025_page-0001-1536x1086.jpg 1536w, https:\/\/collegeborisvian.blogs.laclasse.com\/wp-content\/uploads\/sites\/5608\/2024\/09\/clg-b.-vian-horaires-douverture-au-public-annee-2024-2025_page-0001-2048x1448.jpg 2048w\" sizes=\"auto, (max-width: 2560px) 100vw, 2560px\" \/><\/a><\/p>\n<h1 class=\"entry-title page-title\" style=\"text-align: center\"><span style=\"color: #ff0000\"><strong style=\"font-size: 1.125rem\">Qui contacter pour obtenir une r\u00e9ponse \u00e0 vos questions ?<\/strong><\/span><\/h1>\n<\/header>\n<div class=\"entry-content clearfix\">\n<p><strong>L\u2019\u00e9quipe de direction : Madame BELAICH (int\u00e9rim madame ZATTIERO), Monsieur DELARUE<\/strong><\/p>\n<ul>\n<li>Pour toutes questions relatives \u00e0 l\u2019organisation du coll\u00e8ge. Mme BELAICH (int\u00e9rim Mme ZATTIERO), principale du coll\u00e8ge, suit particuli\u00e8rement les niveaux 6e et 3e ; M. DELARUE, principal adjoint, est en charge des niveaux 5e et 4e.<\/li>\n<\/ul>\n<p style=\"text-align: center\"><em>Pour l&rsquo;\u00e9quipe de direction, un rendez-vous est obligatoire en t\u00e9l\u00e9phonant au secr\u00e9tariat du coll\u00e8ge.<\/em><\/p>\n<p><strong>Le service de vie scolaire et les CPE<\/strong>\u00a0:<\/p>\n<ul>\n<li>Pour signaler une <strong>absence<\/strong> ou un <strong>retard<\/strong>.<\/li>\n<li>Pour des questions de vie scolaire, contactez monsieur <strong>LACROIX<\/strong> (pour les niveaux 5e et 4e) ou madame <strong>LAGARDE<\/strong> (pour les niveaux 6e et 3e)<\/li>\n<\/ul>\n<p><b>Le service intendance : Madame MAROUANI-CUNY (secr\u00e9taire g\u00e9n\u00e9rale) et Madame AVENAS (secr\u00e9taire d\u2019intendance)<\/b><\/p>\n<ul>\n<li>Pour toute question relative au dossier de <strong>bourse<\/strong> de votre enfant<\/li>\n<li>Pour toute question relative \u00e0 la <strong>cantine<\/strong><\/li>\n<\/ul>\n<p><strong>Le service m\u00e9dico-social et la psychologue : Madame BERTHET (assistante sociale), Madame SCOZZARI (infirmi\u00e8re scolaire) et Madame MACHET (Psychologue et conseill\u00e8re d&rsquo;orientation)<\/strong><\/p>\n<ul>\n<li>L\u2019infirmi\u00e8re pour toute demande d&rsquo;<strong>adaptation de la scolarisation<\/strong> (PAP, PAI, PPS) ou si votre enfant doit prendre un <strong>traitement<\/strong>,<\/li>\n<li>L\u2019assistante sociale pour \u00eatre accompagn\u00e9 sur le plan de la <strong>parentalit\u00e9<\/strong>, mais aussi pour \u00e9voquer des difficult\u00e9s passag\u00e8res d\u2019ordre vari\u00e9 pouvant d\u00e9boucher \u00e9ventuellement sur une demande de <strong>fonds social<\/strong>,<\/li>\n<li>La psychologue de l\u2019\u00e9ducation nationale (rattach\u00e9e au CIO de Saint-Priest) pour des questions de <strong>bien-\u00eatre<\/strong> de l\u2019enfant et toutes les questions relatives \u00e0 <strong>l\u2019orientation<\/strong>.<\/li>\n<\/ul>\n<p><strong>Le secr\u00e9tariat de direction : Madame SIMAO<br \/>\n<\/strong><\/p>\n<ul>\n<li>Pour signaler un <strong>changement d\u2019adresse<\/strong>, une modification de vos coordonn\u00e9es<\/li>\n<li>Pour obtenir des <strong>documents administratifs<\/strong> relatifs \u00e0 la scolarit\u00e9 de votre enfant<\/li>\n<li>Pour <strong>prendre rendez-vous<\/strong> avec la principale ou ses adjoints.<\/li>\n<\/ul>\n<p><strong>Les enseignants et le professeur principal<\/strong><\/p>\n<ul>\n<li>Pour des questions relatives \u00e0 la <strong>scolarit\u00e9<\/strong> de votre enfant, ses <strong>performances scolaires<\/strong>, ses <strong>difficult\u00e9s<\/strong>. Pour prendre rendez-vous avec un professeur : vous pouvez mettre un mot dans le carnet de liaison de votre enfant ou le contacter par le biais de Pronote.<\/li>\n<li>Il est possible de laisser un message au secr\u00e9tariat p\u00e9dagogique en cas d\u2019urgence. Les professeurs n\u2019ont pas de lignes directes au coll\u00e8ge.<\/li>\n<\/ul>\n<\/div>\n","protected":false},"excerpt":{"rendered":"<p>Coll\u00e8ge Boris Vian 115 rue du Grisard 69800 SAINT-PRIEST 04 72 23 62 80\u00a0 \u00a0 \u00a0 \u00a0 \u00a0 \u00a0 \u00a0<\/p>\n","protected":false},"author":124882,"featured_media":0,"parent":0,"menu_order":0,"comment_status":"closed","ping_status":"closed","template":"","meta":{"footnotes":""},"class_list":["post-78","page","type-page","status-publish","hentry","comments-off"],"_links":{"self":[{"href":"https:\/\/collegeborisvian.blogs.laclasse.com\/index.php?rest_route=\/wp\/v2\/pages\/78","targetHints":{"allow":["GET"]}}],"collection":[{"href":"https:\/\/collegeborisvian.blogs.laclasse.com\/index.php?rest_route=\/wp\/v2\/pages"}],"about":[{"href":"https:\/\/collegeborisvian.blogs.laclasse.com\/index.php?rest_route=\/wp\/v2\/types\/page"}],"author":[{"embeddable":true,"href":"https:\/\/collegeborisvian.blogs.laclasse.com\/index.php?rest_route=\/wp\/v2\/users\/124882"}],"replies":[{"embeddable":true,"href":"https:\/\/collegeborisvian.blogs.laclasse.com\/index.php?rest_route=%2Fwp%2Fv2%2Fcomments&post=78"}],"version-history":[{"count":5,"href":"https:\/\/collegeborisvian.blogs.laclasse.com\/index.php?rest_route=\/wp\/v2\/pages\/78\/revisions"}],"predecessor-version":[{"id":1776,"href":"https:\/\/collegeborisvian.blogs.laclasse.com\/index.php?rest_route=\/wp\/v2\/pages\/78\/revisions\/1776"}],"wp:attachment":[{"href":"https:\/\/collegeborisvian.blogs.laclasse.com\/index.php?rest_route=%2Fwp%2Fv2%2Fmedia&parent=78"}],"curies":[{"name":"wp","href":"https:\/\/api.w.org\/{rel}","templated":true}]}}